hat is the remainder when 297 is divided by 101?
95
Calculate the remainder when 1838 is divided by 45.
38
Calculate the remainder when 214 is divided by 88.
38
What is the remainder when 1203 is divided by 34?
13
What is the remainder when 94 is divided by 26?
16
What is the remainder when 1199 is divided by 9?
2
Calculate the remainder when 158 is divided by 23.
20
What is the remainder when 350 is divided by 207?
143
What is the remainder when 1345 is divided by 152?
129
What is the remainder when 1054 is divided by 46?
42
Calculate the remainder when 126 is divided by 38.
12
Calculate the remainder when 190 is divided by 75.
40
What is the remainder when 7388 is divided by 22?
18
What is the remainder when 4668 is divided by 391?
367
Calculate the remainder when 203 is divided by 73.
57
Calculate the remainder when 10322 is divided by 111.
110
Calculate the remainder when 27 is divided by 23.
4
Calculate the remainder when 140 is divided by 36.
32
What is the remainder when 159 is divided by 54?
51
Calculate the remainder when 1626 is divided by 9.
6
Calculate the remainder when 214 is divided by 65.
19
What is the remainder when 44622 is divided by 75?
72
Calculate the remainder when 132 is divided by 31.
8
What is the remainder when 186 is divided by 40?
26
Calculate the remainder when 452 is divided by 142.
26
Calculate the remainder when 844 is divided by 47.
45
What is the remainder when 90 is divided by 32?
26
What is the remainder when 155 is divided by 99?
56
Calculate the remainder when 563 is divided by 114.
107
What is the remainder when 3874 is divided by 57?
55
What is the remainder when 4029 is divided by 13?
12
What is the remainder when 97 is divided by 27?
16
Calculate the remainder when 7117 is divided by 20.
17
What is the remainder when 7095 is divided by 151?
149
What is the remainder when 1023 is divided by 54?
51
What is the remainder when 620 is divided by 125?
120
Calculate the remainder when 325 is divided by 30.
25
What is the remainder when 683 is divided by 91?
46
What is the remainder when 113 is divided by 28?
1
Calculate the remainder when 1481 is divided by 106.
103
What is the remainder when 207 is divided by 14?
11
What is the remainder when 72 is divided by 46?
26
What is the remainder when 1487 is divided by 115?
107
Calculate the remainder when 356 is divided by 30.
26
What is the remainder when 99 is divided by 18?
9
What is the remainder when 196 is divided by 107?
89
Calculate the remainder when 14037 is divided by 31.
25
What is the remainder when 4288 is divided by 30?
28
What is the remainder when 21 is divided by 6?
3
Calculate the remainder when 15 is divided by 3.
0
Calculate the remainder when 1466 is divided by 726.
14
Calculate the remainder when 219 is divided by 54.
3
Calculate the remainder when 659 is divided by 214.
17
Calculate the remainder when 4735 is divided by 32.
31
What is the remainder when 455 is divided by 224?
7
Calculate the remainder when 388 is divided by 295.
93
Calculate the remainder when 51 is divided by 22.
7
What is the remainder when 7 is divided by 4?
3
Calculate the remainder when 128 is divided by 13.
11
What is the remainder when 224 is divided by 12?
8
What is the remainder when 1857 is divided by 60?
57
Calculate the remainder when 2185 is divided by 456.
361
What is the remainder when 2190 is divided by 474?
294
Calculate the remainder when 423 is divided by 54.
45
Calculate the remainder when 1173 is divided by 25.
23
Calculate the remainder when 433 is divided by 85.
8
Calculate the remainder when 804 is divided by 36.
12
Calculate the remainder when 2427 is divided by 27.
24
Calculate the remainder when 301 is divided by 14.
7
Calculate the remainder when 221 is divided by 93.
35
What is the remainder when 246 is divided by 65?
51
What is the remainder when 17683 is divided by 131?
129
Calculate the remainder when 540 is divided by 32.
28
What is the remainder when 1272 is divided by 421?
9
What is the remainder when 1247 is divided by 41?
17
Calculate the remainder when 2309 is divided by 15.
14
What is the remainder when 51 is divided by 17?
0
What is the remainder when 2062 is divided by 252?
46
Calculate the remainder when 19691 is divided by 13.
9
Calculate the remainder when 176 is divided by 27.
14
What is the remainder when 512 is divided by 27?
26
Calculate the remainder when 281 is divided by 42.
29
What is the remainder when 156 is divided by 20?
16
What is the remainder when 494 is divided by 125?
119
Calculate the remainder when 441 is divided by 30.
21
Calculate the remainder when 255 is divided by 85.
0
What is the remainder when 480 is divided by 61?
53
Calculate the remainder when 64 is divided by 13.
12
Calculate the remainder when 170 is divided by 87.
83
What is the remainder when 1506 is divided by 220?
186
What is the remainder when 2104 is divided by 18?
16
Calculate the remainder when 897 is divided by 177.
12
What is the remainder when 9988 is divided by 270?
268
What is the remainder when 110 is divided by 44?
22
What is the remainder when 1869 is divided by 55?
54
What is the remainder when 1368 is divided by 465?
438
What is the remainder when 1340 is divided by 22?
20
What is the remainder when 4343 is divided by 101?
0
Calculate the remainder when 288 is divided by 27.
18
What is the remainder when 253 is divided by 65?
58
Calculate the remainder when 4418 is divided by 261.
242
What is the remainder when 1238 is divided by 92?
42
Calculate the remainder when 956 is divided by 121.
109
Calculate the remainder when 189 is divided by 55.
24
What is the remainder when 7314 is divided by 9?
6
What is the remainder when 91 is divided by 46?
45
What is the remainder when 1917 is divided by 128?
125
Calculate the remainder when 60 is divided by 32.
28
Calculate the remainder when 2773 is divided by 345.
13
Calculate the remainder when 243 is divided by 50.
43
Calculate the remainder when 173 is divided by 53.
14
Calculate the remainder when 958 is divided by 5.
3
Calculate the remainder when 7168 is divided by 163.
159
Calculate the remainder when 260 is divided by 29.
28
What is the remainder when 673 is divided by 75?
73
What is the remainder when 4054 is divided by 238?
8
What is the remainder when 231 is divided by 42?
21
What is the remainder when 829 is divided by 13?
10
What is the remainder when 2889 is divided by 12?
9
What is the remainder when 327 is divided by 55?
52
What is the remainder when 24 is divided by 21?
3
Calculate the remainder when 29389 is divided by 9795.
4
What is the remainder when 249 is divided by 26?
15
Calculate the remainder when 1119 is divided by 33.
30
What is the remainder when 683 is divided by 38?
37
Calculate the remainder when 709 is divided by 128.
69
Calculate the remainder when 159 is divided by 18.
15
What is the remainder when 79 is divided by 57?
22
Calculate the remainder when 1039 is divided by 16.
15
What is the remainder when 21460 is divided by 13?
10
What is the remainder when 2933 is divided by 266?
7
Calculate the remainder when 300 is divided by 54.
30
Calculate the remainder when 199 is divided by 51.
46
Calculate the remainder when 589 is divided by 176.
61
What is the remainder when 58015 is divided by 112?
111
Calculate the remainder when 952 is divided by 920.
32
What is the remainder when 339 is divided by 72?
51
What is the remainder when 1583 is divided by 15?
8
Calculate the remainder when 52 is divided by 19.
14
What is the remainder when 156 is divided by 14?
2
What is the remainder when 119 is divided by 41?
37
What is the remainder when 279 is divided by 35?
34
Calculate the remainder when 185 is divided by 20.
5
What is the remainder when 1666 is divided by 88?
82
What is the remainder when 626 is divided by 17?
14
What is the remainder when 492 is divided by 160?
12
Calculate the remainder when 1726 is divided by 173.
169
Calculate the remainder when 985 is divided by 229.
69
What is the remainder when 1587 is divided by 266?
257
What is the remainder when 89 is divided by 87?
2
What is the remainder when 2542 is divided by 134?
130
Calculate the remainder when 125 is divided by 64.
61
Calculate the remainder when 950 is divided by 742.
208
Calculate the r